{"id":109,"date":"2021-06-02T08:49:05","date_gmt":"2021-06-02T08:49:05","guid":{"rendered":"http:\/\/onurcaymaz.com\/?page_id=109"},"modified":"2021-06-02T10:45:25","modified_gmt":"2021-06-02T10:45:25","slug":"haberler","status":"publish","type":"page","link":"https:\/\/onurcaymaz.com\/index.php\/haberler\/","title":{"rendered":"Haberler"},"content":{"rendered":"\n<div class=\"wp-block-media-text alignwide is-stacked-on-mobile\"><figure class=\"wp-block-media-text__media\"><img loading=\"lazy\" decoding=\"async\" width=\"836\" height=\"990\" src=\"http:\/\/onurcaymaz.com\/wp-content\/uploads\/2021\/06\/Screen-Shot-2021-06-02-at-11.33.39.png\" alt=\"\" class=\"wp-image-115 size-full\" srcset=\"https:\/\/onurcaymaz.com\/wp-content\/uploads\/2021\/06\/Screen-Shot-2021-06-02-at-11.33.39.png 836w, https:\/\/onurcaymaz.com\/wp-content\/uploads\/2021\/06\/Screen-Shot-2021-06-02-at-11.33.39-253x300.png 253w, https:\/\/onurcaymaz.com\/wp-content\/uploads\/2021\/06\/Screen-Shot-2021-06-02-at-11.33.39-768x909.png 768w\" sizes=\"auto, (max-width: 836px) 100vw, 836px\" \/><\/figure><div class=\"wp-block-media-text__content\">\n<p class=\"has-large-font-size\">Sincan \u0130stasyonu, 114&#8217;\u00fcnc\u00fc say\u0131da, yeni kitap dosyas\u0131ndan bir \u015fiir: Eski K\u00f6rfez<\/p>\n<\/div><\/div>\n\n\n\n<div class=\"wp-block-media-text alignwide is-stacked-on-mobile\"><figure class=\"wp-block-media-text__media\"><img loading=\"lazy\" decoding=\"async\" width=\"1024\" height=\"536\" src=\"http:\/\/onurcaymaz.com\/wp-content\/uploads\/2021\/06\/834-1024x536.jpeg\" alt=\"\" class=\"wp-image-113 size-full\" srcset=\"https:\/\/onurcaymaz.com\/wp-content\/uploads\/2021\/06\/834-1024x536.jpeg 1024w, https:\/\/onurcaymaz.com\/wp-content\/uploads\/2021\/06\/834-300x157.jpeg 300w, https:\/\/onurcaymaz.com\/wp-content\/uploads\/2021\/06\/834-768x402.jpeg 768w, https:\/\/onurcaymaz.com\/wp-content\/uploads\/2021\/06\/834.jpeg 1284w\" sizes=\"auto, (max-width: 1024px) 100vw, 1024px\" \/><\/figure><div class=\"wp-block-media-text__content\">\n<p class=\"has-large-font-size\">T\u00fcrk Dili dergisi 834&#8217;\u00fcnc\u00fc say\u0131da yeni kitap dosyas\u0131ndan bir \u015fiir: De\u011fi\u015ftirmi\u015f Mahlas\u0131n\u0131<\/p>\n<\/div><\/div>\n\n\n\n<div class=\"wp-block-media-text alignwide has-media-on-the-right is-stacked-on-mobile\" style=\"grid-template-columns:auto 42%\"><figure class=\"wp-block-media-text__media\"><img loading=\"lazy\" decoding=\"async\" width=\"384\" height=\"553\" src=\"http:\/\/onurcaymaz.com\/wp-content\/uploads\/2021\/06\/dashuria.jpg\" alt=\"\" class=\"wp-image-146 size-full\" srcset=\"https:\/\/onurcaymaz.com\/wp-content\/uploads\/2021\/06\/dashuria.jpg 384w, https:\/\/onurcaymaz.com\/wp-content\/uploads\/2021\/06\/dashuria-208x300.jpg 208w\" sizes=\"auto, (max-width: 384px) 100vw, 384px\" \/><\/figure><div class=\"wp-block-media-text__content\">\n<p class=\"has-large-font-size\">\u00d6yk\u00fclerden yap\u0131lan bir se\u00e7ki, Arbana Rexhepi \u00e7evirisiyle Uegen Yay\u0131nc\u0131l\u0131k taraf\u0131ndan Arnavut okurlarla bulu\u015ftu<\/p>\n<\/div><\/div>\n","protected":false},"excerpt":{"rendered":"<p>Sincan \u0130stasyonu, 114&#8217;\u00fcnc\u00fc say\u0131da, yeni kitap dosyas\u0131ndan bir \u015fiir: Eski K\u00f6rfez T\u00fcrk Dili dergisi 834&#8217;\u00fcnc\u00fc say\u0131da yeni kitap dosyas\u0131ndan bir \u015fiir: De\u011fi\u015ftirmi\u015f Mahlas\u0131n\u0131 \u00d6yk\u00fclerden yap\u0131lan [&hellip;]<\/p>\n","protected":false},"author":2929,"featured_media":0,"parent":0,"menu_order":0,"comment_status":"closed","ping_status":"closed","template":"","meta":{"footnotes":""},"class_list":["post-109","page","type-page","status-publish","hentry"],"_links":{"self":[{"href":"https:\/\/onurcaymaz.com\/index.php\/wp-json\/wp\/v2\/pages\/109","targetHints":{"allow":["GET"]}}],"collection":[{"href":"https:\/\/onurcaymaz.com\/index.php\/wp-json\/wp\/v2\/pages"}],"about":[{"href":"https:\/\/onurcaymaz.com\/index.php\/wp-json\/wp\/v2\/types\/page"}],"author":[{"embeddable":true,"href":"https:\/\/onurcaymaz.com\/index.php\/wp-json\/wp\/v2\/users\/2929"}],"replies":[{"embeddable":true,"href":"https:\/\/onurcaymaz.com\/index.php\/wp-json\/wp\/v2\/comments?post=109"}],"version-history":[{"count":4,"href":"https:\/\/onurcaymaz.com\/index.php\/wp-json\/wp\/v2\/pages\/109\/revisions"}],"predecessor-version":[{"id":148,"href":"https:\/\/onurcaymaz.com\/index.php\/wp-json\/wp\/v2\/pages\/109\/revisions\/148"}],"wp:attachment":[{"href":"https:\/\/onurcaymaz.com\/index.php\/wp-json\/wp\/v2\/media?parent=109"}],"curies":[{"name":"wp","href":"https:\/\/api.w.org\/{rel}","templated":true}]}}